+ 13 = -5*z - 0. Let b(o) = -4*o. Determine b(u).
-4
Let d(j) = -j**3 - 7*j**2 - 6*j + 2. Suppose -48*n + 15*n - 198 = 0. Calculate d(n).
2
Suppose 0 = -g + 5 - 7. Let x = 19 + -17. Let j(r) = -6 + 3*r**2 + 3*r + 7 + r**2 - 3*r**x. Give j(g).
-1
Let m(c) = -5*c - 6. Let a(j) = j + 1. Let z be 16/6*(-90)/(-60). Let g(p) = z*a(p) + m(p). Let u be (2/4)/(2/(-24)). Give g(u).
4
Suppose -3*i - 3 = -4*s, 0 = 5*i - i + 4. Let g(w) = w + s*w - 11 - 5*w. Let b be g(-4). Let u(j) = j**2 - 7*j - 1. Give u(b).
-11
Let o(f) = -f**3 + 8*f + 146*f**2 + 143*f**2 - 284*f**2 + 10 - 2*f + 2*f**3. Determine o(-4).
2
Let p(y) = -y**2 + 6*y + 4. Let n be p(7). Let o(d) = 2*d**2 + 4*d. Let x be o(n). Let l be (3 - x)*4/6. Let m(c) = -2*c - 1. Determine m(l).
3
Let l(d) be the first derivative of 12 - 7*d - 1/2*d**2. Determine l(5).
-12
Let p(b) = -2*b**2 + 7*b - 19. Let k(h) = -h**2 + 4*h - 9. Let n(g) = -13*k(g) + 6*p(g). Let x be n(10). Let a(w) = w**3 - 4*w**2 + 4*w - 4. Determine a(x).
-1
Let n be -1 + 2 + -2 + 7 + -1. Suppose 6 = -n*w - 14. Let o(a) be the second derivative of a**3/3 + 5*a**2/2 - a. Determine o(w).
-3
Let b(s) = -3*s**2 + 8*s - 7. Let m(v) = -16*v**2 + 40*v - 36. Let r(t) = -11*b(t) + 2*m(t). Let w = 413 + -405. Calculate r(w).
5
Let d(w) = -w**3 - 4*w**2 - 4. Let n be -2 - -2 - (2 - 4). Suppose 3*m = -3*x - 12 + 3, n*x = -5*m - 3. Give d(x).
-4
Let u(k) be the third derivative of -k**6/120 - 11*k**5/60 - k**4/3 - k**3/2 + 131*k**2. Determine u(-10).
-23
Let k(x) = 1 - 11 - 7*x**3 + 6*x**3 + 8*x**2 + 13*x. Calculate k(9).
26
Let x(q) = q**3 + 4*q**2 - 11*q + 7. Let t be (-2)/18 + (-53)/9. Let d be x(t). Let o(g) = 4*g**2 + g - 1. Calculate o(d).
4
Let v be (-2)/(48/62) - (-36)/12. Let f(c) be the second derivative of 2*c**2 + 0 + 2/3*c**3 + v*c**4 + c - 1/20*c**5. Give f(6).
-8
Let i(m) = -m**2 + 3*m - 1. Let d be (-1)/((4 - 5)/1). What is i(d)?
1
Let f be (-203)/(-58) - 5/2. Let a(j) be the first derivative of -j**4/12 + j**3/6 - j**2/2 + j + 1. Let r(h) be the first derivative of a(h). Give r(f).
-1
Let z(i) = -i**2 + 10*i - 8. Suppose 20*o = -2*n + 22*o + 10, -o + 25 = 4*n. Give z(n).
16
Let p be 4/3*(-21)/(-14). Let w be 1/((-21)/12 + p). Suppose w*v + 0 = 4*q + 20, -4*q = 3*v + 20. Let f(i) = i - 6. Give f(v).
-6
Let o = 6 - 5. Suppose 5 = h + o. Let b(d) be the second derivative of d**4/12 - 2*d**3/3 + 5*d**2/2 - 14*d. Determine b(h).
5
Let o(u) = -u**2 - 9*u - 5. Let r be o(-6). Let m = r + -11. Let p(b) = -m + 0*b - 2 + 3 - b. Calculate p(4).
-5
Suppose x - z + 2 + 1 = 0, 4*z = -4*x + 12. Suppose 18*c - 14*c - 8 = x. Let v(r) = -3*r + 2. Give v(c).
-4
Let j(f) = 7*f**3 - 6*f**2 + 11*f + 30. Let t(h) = -3*h**3 + 3*h**2 - 5*h - 14. Let d(x) = 4*j(x) + 9*t(x). Calculate d(-4).
-18
Let n(f) = f**3 + 3*f**2 + 2*f. Let d = -2 + -1. Let b be n(d). Let z(k) = 2993 - 1496 - 4*k - k**2 - 1496. Give z(b).
-11
Let f(i) = -i**3 - 7*i**2 - 5*i. Let k = 57 - 99. Let v = -48 - k. Calculate f(v).
-6
Let t = 1204 + -1204. Let w(k) = k**3 + k**2 - k + 7. Determine w(t).
7
Let a(y) = -13724*y**3 - 7*y**2 + 4*y + 13723*y**3 - 4 - y. Give a(-8).
36
Let k(v) = v**3 + 5*v**2 - 5*v + 1. Suppose 4*x + 18 = 5*y + x, -4*y - 3*x = -36. Suppose -4 = -5*b + y, 5*b - 122 = -4*h. Let i be ((-24)/h)/(2/14). Give k(i).
-5
Let h(k) be the first derivative of k**2/2 + 11*k - 1. Let g(r) = -3*r - 32. Suppose -4 = 31*p + 182. Let t(w) = p*g(w) - 17*h(w). Determine t(-5).
0
Suppose 5 = -i - 1. Let v(j) be the third derivative of -j**5/60 - j**4/4 + j**3/6 - 9*j**2 - 73. Give v(i).
1
Let n(a) = -a**2 - 1. Let h(w) = -w**3 + 3*w**2 + w - 5. Let j(t) = h(t) + 4*n(t). Give j(0).
-9
Suppose 14 = 5*j - 1. Let d(n) be the second derivative of n**4/12 - 7*n**3/6 + n**2 - 6*n + 11. Calculate d(j).
-10
Let h(f) = 3*f**3 - 4*f - 3. Let m = -24 + 36. Suppose 5*n + 2 = 4*w, 3*n - 2*w + 5*w = -m. Determine h(n).
-19
Let a(l) be the second derivative of l**4/24 + 17*l**3/6 + 9*l**2/2 - 28*l. Let i(d) be the first derivative of a(d). What is i(0)?
17
Let w(t) be the third derivative of -t**4/24 + 19*t**3/6 - 277*t**2. Calculate w(11).
8
Suppose -5*y + 21 = b + b, 0 = -b - 2*y + 9. Let a(p) be the second derivative of 2*p - 1/12*p**4 + 0 - 3/2*p**2 + 2/3*p**3. Give a(b).
0
Let i be 8/8*(1 - 0). Let s be -2 + 2 + 4 - 1. Let u(f) = s + f**2 + 0 - 4 + 0*f + 2*f. Calculate u(i).
2
Let k = 2511 - 2498. Let t(g) = 6*g - 84. Determine t(k).
-6
Let h(a) = -6*a**2 + 4*a + 72*a**3 - 37*a**3 + 5 - 34*a**3 + a. Suppose -8 = -4*y + 12. What is h(y)?
5
Let i(z) = -23*z**3 - 4*z**2 + 22*z**3 + 4*z + 2246 - 2253. Give i(-5).
-2
Let u(m) be the second derivative of m**4/12 - m**3/3 + 3*m**2/2 - 4*m - 19. Suppose -6 = 2*r - 4*r. Calculate u(r).
6
Let q(r) be the second derivative of -r**4/24 - 7*r**2/2 + 8*r. Let j(o) be the first derivative of q(o). Let g(a) = -a + 5. Let n be g(5). Determine j(n).
0
Let d(k) = -2*k - 4. Suppose 3*l - 17 = a, -2*a - 3*l = -7*a - 37. What is d(a)?
6
Let q(l) = -10*l - 4. Let r(o) = -14*o - 6. Let f(n) = 5*q(n) - 4*r(n). Give f(4).
28
Let h(x) be the first derivative of 7*x**4/2 - x**2 + x + 36. Calculate h(1).
13
Suppose 8*x + 14 = 102. Let p(w) = -9*w + 2*w + w**2 + x*w. Let l = -1 - 1. Determine p(l).
-4
Let d(c) = -c**2 + 1. Let s(q) be the second derivative of 5*q**4/12 + 2*q**3/3 - 4*q**2 - 5*q. Let r(m) = 3*d(m) + s(m). Give r(-4).
11
Let z = 332 - 329. Let g(j) be the third derivative of 1/6*j**z - 1/12*j**4 + 0*j - 2*j**2 + 0. Determine g(2).
-3
Let u(j) be the third derivative of -j**5/60 - 3*j**4/8 - 10*j**3/3 + 2*j**2 + 91*j. Determine u(-6).
-2
Suppose 2*q + 12 = 3*k, 2*k = -2*q - k. Let b = 14 + -7. Let t(o) = -4*o**3 - 5*o - 3. Let f(g) = -9*g**3 - 11*g - 6. Let y(s) = b*t(s) + q*f(s). Give y(-2).
9
Let p(h) be the second derivative of -6*h - 1/3*h**3 + 0 - 3/2*h**2. Let v be p(-5). Let r(b) = 2*b - 9. Give r(v).
5
Suppose -2*g - 3*s + 6 = 0, 4*s = 3*g + s - 9. Let r(b) be the second derivative of -b**3/6 + 7*b**2/2 - 22*b + 4. Determine r(g).
4
Let u(h) be the second derivative of h**4/12 - h**3/6 - 13*h**2 + 2*h + 33. What is u(0)?
-26
Let r = 31 + -25. Let b(z) = 4*z - 8. Suppose 2*k - 39 = -5*m - 147, 4*k = 4. Let g(f) = f - 2. Let o(d) = m*g(d) + 6*b(d). Give o(r).
8
Suppose 2*x - 69 = r, 3*r + 2*r - 3*x + 380 = 0. Let l = r + 73. Let f(g) be the first derivative of -g**4/4 - 5*g**3/3 + 4*g**2 + 8*g - 1. Give f(l).
-4
Suppose 5*q + 9 = 3*h, h + 5*q = 1 + 2. Let u(g) be the first derivative of -5/2*g**2 + h*g + 1/3*g**3 + 5. What is u(4)?
-1
Let u(x) = -2*x + 3. Let h = -479 - -299. Let j be (-8)/6*10/(h/81). Give u(j).
-9
Let p(o) = -o**3 - 13*o**2 + o + 15. Let q be p(-13). Let u(m) = 2 + 2*m - m**q - 5*m - 1 - 3. Suppose 2*i = -2*h - 2 + 6, -2*i - 12 = -2*h. Determine u(i).
0
Let c = -7 + 2. Let v(m) be the second derivative of -m**4/12 - 7*m**3/6 + m**2 + 4*m. Calculate v(c).
12
Let y(r) be the first derivative of 1/4*r**4 + 5*r - 11 + 5/3*r**3 - 2*r**2. Let v(w) = -w**2 - w. Let d be v(2). Give y(d).
-7
Suppose 2*n - 111 = -5*k, 0 = 4*k - 2*k - 2. Let s(c) = 67 - 105 + c + n. Determine s(-7).
8
Let u(w) = w**3 - 11*w**2 + 12*w - 13. Let l be 9/(135/(-20))*120/(-16). Give u(l).
7
Suppose -b + 11 + 1 = w, 0 = b - 2*w - 24. Suppose 0 = -f - 2*q - 2*q - 6, 0 = -3*f + 5*q + b. Let s(r) = 2*r - 2. Calculate s(f).
2
Let t(s) = 1. Let p(u) be the third derivative of u**6/120 + u**5/60 - u**3/6 + 6*u**2. Let l(h) = p(h) + 5*t(h). What is l(0)?
4
Suppose 0 = 4*h - 7 - 9. Suppose -2 - 7 = -3*k. Let a(l) = 2*l - 2 - 2*l + k*l - 2*l. Give a(h).
2
Let l be (-7 + 10)*(-7)/(-3). Let j(x) = 1 + 5 - l*x - 1 + 8*x. Calculate j(0).
5
Let p(t) = -3*t**3 + 2*t**2 - 2. Let a(j) = -4*j**3 + j**2 - 1. Let u be (-7)/14 - 6/4. Let y(n) = u*a(n) + 3*p(n). Determine y(4).
-4
Let a(g) be the second derivative of -3/2*g**3 + 3/2*g**2 + 0 - 46*g + 1/6*g**4. Calculate a(6).
21
Suppose 3*y + 3 = -12. Let j(k) = k + 25. Let v(o) = 6. Let t(u) = -2*j(u) + 9*v(u). Give t(y).
14
Let c(m) = -m. Let a(w) = 4*w - 4. Let u(r) = a(r) + 6*c(r). Suppose 3*j = -4*j. Suppose -8*l - 24 = -j*l. Calculate u(l).
2
Suppose 0 = -5*u + u. Let k(g) be the third derivative of -g**6/120 - g**4/24 + g**3 + 122*g**2. Calculate k(u).
6
Let o(i) = -2*i + 2. Let f be 1 + 13 + 1 + -2. Suppose 5 = 5*d - n, d - n